 of i?
1
Suppose 365 = 3*j - 85. What is the tens digit of j?
5
Suppose 5*x - 178 = 122. What is the units digit of x?
0
Suppose 2*h + 5*x - 40 = 0, 12 = -0*x + 3*x. Let g = h - 4. What is the units digit of g?
6
Suppose 5*i - 4*a - 86 = 0, -4*i + 54 = -3*a - 15. What is the tens digit of i?
1
Let r(v) = v**2 - 5*v + 9. Let n be r(-5). Suppose 4 = -5*j + n. What is the tens digit of j?
1
Let p = 47 + -6. What is the tens digit of p?
4
Let h(j) = -2*j**3 - j**2 - 4*j - 3. Let u be h(-2). Let x = u + 3. What is the tens digit of x?
2
Let z = 0 + -8. What is the tens digit of (-2)/(-8) + (-94)/z?
1
Suppose 3*z = -15, 2*i + i - 10 = 2*z. Suppose 11 = -i*k + k. What is the tens digit of k?
1
Suppose 10 = -v - 4*v. Let k(a) = -4*a + 2. What is the units digit of k(v)?
0
Let m(k) be the third derivative of k**5/30 + k**4/8 - k**3/2 + 5*k**2. What is the units digit of m(-5)?
2
Let o(x) = 2*x**2 + 11*x - 14. What is the tens digit of o(-10)?
7
Suppose -5*m - 17 = 2*l, 4*m - 5 = -17. What is the units digit of 2/l + 0 + 8?
6
Let a(y) = -y**3 + 3*y**2. Let m be a(3). Suppose 2*l - 6 - 8 = m. What is the units digit of l?
7
Suppose 4*j = 6*j + 30. What is the units digit of j*3/(-3)*1?
5
Let l = 0 + -1. Let p = -31 - -63. What is the units digit of (p/20)/(l/(-5))?
8
Let w = 4 - 2. Suppose -a + 2 = -0*a. Suppose -a*y = 5*q - 7, 2*y = -w*y + 4*q. What is the units digit of y?
1
Let n(m) = 53*m**2 + 4*m - 2. What is the tens digit of n(1)?
5
What is the hundreds digit of (-2)/3 + 1 - (-622)/6?
1
Let p be 1*-19 - (-5)/5. Let y be (-5)/((-3)/p*-2). Let q = -8 + y. What is the units digit of q?
7
Suppose -4*s + 16 + 4 = 0. Let i = 1 - s. What is the units digit of i/(-1) - 4/(-4)?
5
Let l(h) = 87*h**2 + 2*h + 1. What is the units digit of l(-1)?
6
Let v(z) = -z**2 - 8*z - 6. Let g(b) = -b + 16. Let m be g(11). Suppose -2*c - 5*i = 0, m*c - 9 = -4*i - 26. What is the units digit of v(c)?
9
Let t(d) = d**2 + 11*d + 14. Let w be t(-10). Let n = 7 - w. What is the units digit of n?
3
Let x(o) be the second derivative of -o**3/3 + 19*o**2 + 2*o. Let f(g) = -g + 25. Let a(d) = -8*f(d) + 5*x(d). What is the units digit of a(-7)?
4
Let s = -20 + 77. What is the units digit of s?
7
Suppose -2*a = -7*a - 20. Let t = 13 + a. What is the units digit of t?
9
Let u(x) = x**2 + 9*x + 2. Let k be u(-9). Suppose 3*w + k*w - 20 = 0. What is the units digit of w?
4
Suppose -6*j + 5*x + 84 = -5*j, -82 = -j + 4*x. What is the units digit of j?
4
Let n = 6 - 1. Suppose 94 = n*v + 19. What is the tens digit of v?
1
Suppose 2*r - 68 - 20 = 0. What is the tens digit of r?
4
Let h(v) = v**3 + 11*v**2 + 16*v - 8. What is the tens digit of h(-6)?
7
What is the units digit of 34 + (4 - 2) + 1?
7
Suppose 2*q = 45 + 115. What is the units digit of q?
0
Let o = 0 - -3. Suppose o*z - 5*u - 6 = 0, z + 6*u - 3*u = 16. What is the units digit of z?
7
Suppose 49 = o - 0*o. Suppose -4*d + 3*i = -o, -36 = -7*d + 4*d + 3*i. What is the units digit of d?
3
Suppose -4*j + 8 - 368 = -5*b, -j = -2*b + 147. What is the tens digit of b?
7
Let g(s) = -s**3 - 3*s**2 + 2*s - 4. Let i be g(-3). Let o = i - -26. What is the tens digit of o?
1
Let n = -14 + 50. What is the tens digit of n?
3
Let t = 0 + 2. Let o be (t + 2*-1)/(-2). Suppose -i + 2 + 2 = o. What is the units digit of i?
4
Let r(s) = s**3 + 4*s - 4. Let z be r(3). Suppose -d = 4*d - z. What is the units digit of d?
7
Let s(y) = -2*y + 1. Let z be s(-1). Suppose -24 = -7*q + z*q. Let v = 9 - q. What is the units digit of v?
3
Suppose 4*f - 57 - 123 = 0. What is the tens digit of f?
4
Suppose 36 = 4*a - 120. What is the tens digit of a?
3
Suppose -2*a + 5*a - 21 = 0. What is the units digit of a?
7
What is the tens digit of 236 + 3/((-9)/6)?
3
Suppose 0 = -f + 3*z - 10, 2*z - 2 - 7 = 3*f. Let g = -1 - f. Let s = g - -6. What is the units digit of s?
6
What is the hundreds digit of 2/4 + (-18)/(-12) + 102?
1
Let p be 211/4 - 12/(-48). What is the tens digit of p + -6 - (-4)/(-2)?
4
Let b(z) = -2*z**3 - 5*z**2 + 9*z - 14. What is the units digit of b(-6)?
4
Suppose 0*u = -u + 30. What is the tens digit of u?
3
Let c be 1/((-3)/9) - -8. Suppose c*u + 17 = 137. Let h = 37 - u. What is the tens digit of h?
1
Let g(a) = a + 2. Let f be g(-1). Let x be -1 + 0 - (f - -1). What is the units digit of (6 + 0)*(-2)/x?
4
What is the tens digit of 72/2*9/18?
1
Let o(l) = l**3 - 4*l**2 + 5. Let c be o(4). Suppose -3*r = c*z - 129, -4*z + 4*r + 84 = -0*r. What is the units digit of z?
4
Suppose -5*l = -6*l - 136. What is the units digit of l/(-5) + (-1)/5?
7
Suppose 2*o = 12 + 20. Let d be (-1 - 11)/(15/10). Let k = d + o. What is the units digit of k?
8
Suppose -2*m + 209 = m + 2*z, 2*m - 3*z - 148 = 0. What is the units digit of m?
1
Let v = -13 - -7. Let y be (-106)/(-3) - (-2)/v. Suppose 0 = -d + 6*d - y. What is the units digit of d?
7
Suppose 0 = -3*z + 31 + 53. Let y(m) = m**3 + 8*m**2 + 14. Let f be y(-8). Let s = z - f. What is the units digit of s?
4
Let b(a) = -5*a**3 - 3*a**2 - a. What is the tens digit of b(-2)?
3
Suppose 0 = 3*z + 4*w - 2, -2*z = -7*z + 4*w - 18. Let v = -2 - z. Suppose k - 5*k + 16 = v. What is the units digit of k?
4
Let r be (-12)/(-30)*(-1 + -69). What is the units digit of 136/14 + (-8)/r?
0
Let g(h) = h**2 + 11*h - 3. What is the units digit of g(-15)?
7
Let c be (-8)/(-44) + 20/11. Suppose -m - 1 = d - c, 39 = 4*m - 3*d. What is the units digit of m?
6
Let v(z) = -z**3 + 7*z**2 - 4*z - 5. Let i be v(6). Suppose 0 = 3*a - i*a + 128. What is the units digit of a?
2
Let f = 111 - 77. What is the units digit of ((-6)/(-4))/3*f?
7
Let v = 25 + 5. Suppose -i + 3*i = v. Suppose 5*r - i = 5*j, r - j + 7 = -5*j. What is the units digit of r?
1
Suppose -4 = -g - 0. Suppose -g*x + 2*x = -4. What is the units digit of x?
2
Let z(m) = -m**3 - 3*m**2 + 2*m - 2. Let t be z(2). Let l = 15 - t. What is the tens digit of l?
3
Let i(a) = 5 - 4 + 4*a**2 + 0*a**2. Let m be i(1). Let b = m - 1. What is the units digit of b?
4
Suppose -a + 72 = -4*a. Suppose -3*n + 18 = -4*b + 59, 0 = -5*n - b - 30. Let w = n - a. What is the units digit of w?
7
Let q = 94 + -49. Let p = q - 25. What is the tens digit of p?
2
Let a(f) = 4*f**2 + f - 1. Let o = 33 - 23. Suppose 0*j = 3*j + 4*z + o, j = z - 1. What is the tens digit of a(j)?
1
What is the tens digit of 7 + 7 - 3*-1?
1
Let k be (-14 - -2)/((-4)/2). What is the tens digit of (-62)/(-3) - (-2)/k?
2
Let u = 6 - 3. Let w = 8 - u. What is the units digit of w?
5
Let u = -3 + 6. Suppose -u = x - 4*x. Suppose 4*i - 3 = g + x, 5*i - 5 = -2*g. What is the units digit of i?
1
Suppose m - 10 = -3*w, 0 = 2*m + w - 14 + 4. Suppose m*f - 6 = 6. What is the units digit of f + 6 + (-2)/2?
8
What is the hundreds digit of (1066/(-10) + 5)/((-6)/15)?
2
Let w = -123 + 195. Let o = -32 + w. Suppose -z + o = 4*z. What is the units digit of z?
8
What is the units digit of 90 - -5*(-2)/10?
9
Suppose -4*u + u + 63 = 0. Suppose -2*g + 6*g - 52 = 0. Let x = u - g. What is the units digit of x?
8
Let r be (-2)/(-7) - (-25)/35. Let q(p) = -2*p**2 + 7*p**3 - 2*p + 0*p - p**3 + 4*p - 1. What is the units digit of q(r)?
5
Let x be 1 - (-3 - -5)*-1. Suppose -x*v - 2 = -v. What is the units digit of 2/(-2) - 2/v?
1
Let i(g) = g - 2. Suppose 0 = n - 2*n + 21. Let m = -12 + n. What is the units digit of i(m)?
7
Suppose 3*r - 98 = 4*n, -5*n + 8 - 26 = -r. What is the tens digit of r + 1 + (-9 - -12)?
4
Let s(t) = -t**3 - 5*t**2 - 4*t - 4. Let w be s(-5). Let q = w - 1. What is the tens digit of q?
1
Suppose -13 = -5*z + 4*n, -z + 4*n = z - 10. Suppose -5*a + 36 = z. What is the units digit of 1 + -1*a*-1?
8
Let p(r) = r**3 - 3*r**2 - 2*r. Let n be p(4). Suppose -z - 11 = y + 4*z, n = -y - 4*z. What is the units digit of y?
4
Let c = 38 - 17. What is the tens digit of c?
2
Let p = 4 + -4. Suppose -2*d + 4*d - 56 = 4*o, 4*d - o - 112 = p. Suppose 5*a - 2*w - d = -8, a - w - 7 = 0. What is the units digit of a?
2
Let g = 7 - 3. Let r = g + -3. What is the units digit of 0 + 0 - -9*r?
9
Let m(o) = 4*o**2 + 2*o - 1. Suppose 3*s + 2 = 5*s. Let r be m(s). Suppose 5*i + 4*f = -0*i + 37, -r = -i - 2*f. What is the units digit of i?
9
Let v(y) = -y**2 + 8*y + 13. Suppose -2*l = -4*l - 5*t + 23, 5 = l - 4*t. What is the units digit of v(l)?
4
L